be (-10)/(-4) + 1/2. Suppose -w*d = -4*d. Let m(k) = -k**3 - k**2 - k + 3. What is m(d)?
3
Let w(s) = -2*s**3 - 2*s**2 - s. Let q be 4/14 - (-69)/(-21). Let l = 2 + -4. Let r = q - l. Determine w(r).
1
Let x(b) be the second derivative of -b**4/12 + 2*b**3/3 + 7*b**2/2 + 2*b. Let r be x(5). Let f(p) = p + 2*p - 3*p - 2*p**2 - 1. Give f(r).
-9
Let z(k) be the third derivative of 0*k**4 + 1/60*k**5 + 0*k - 2*k**2 + 0*k**3 + 0. What is z(-1)?
1
Let m(r) be the second derivative of 0 + r - 1/6*r**3 + 0*r**2 + 1/40*r**5 - 1/24*r**4. Let f(h) be the second derivative of m(h). What is f(-1)?
-4
Let z(x) = x + 1. Let m(v) = v**2 - 2*v - 3. Let h(d) = m(d) + z(d). Calculate h(4).
10
Let v(c) = c**3 - 3*c**2 - 4*c + 4. Let j = -10 - -13. Give v(j).
-8
Let b(c) = -1 - 25*c + 15*c**3 - 16*c**2 + 0 - 5*c**2. Let d(f) = -7*f**3 + 10*f**2 + 12*f. Let a(l) = 6*b(l) + 13*d(l). Give a(5).
-1
Let t(b) = b**2 + 3*b - 4. Let h be (4/(-8))/((-1)/(-2)). Let n(u) = -1. Let a(m) = 2*m**2 - m. Let v be a(2). Let d(l) = h*t(l) + v*n(l). Calculate d(-3).
-2
Let t(g) = g**2 - g. Let o(b) = b**2 + 6*b + 10. Let r be o(-4). Let w(m) = 3*m**2 - 2*m. Let u(q) = r*t(q) - w(q). What is u(-2)?
-4
Let a(b) = -5 - b**2 + 33*b - 36*b + 3 + 0. Give a(-4).
-6
Let f(v) be the first derivative of v**4/12 - 5*v**3/6 - v**2 + 4*v + 1. Let p(n) be the first derivative of f(n). Calculate p(3).
-8
Let p(s) = s**2 - 6*s + 1. Suppose -30 = -3*k + 5*z, -2*k + z = -7*k + 22. Suppose -2*n = -3*n - k*v, 2*n + v = 9. Determine p(n).
-4
Let q be -2*3/4*2. Let t(z) be the third derivative of -z**6/360 - z**5/60 + z**4/8 + z**3/6 + z**2. Let m(b) be the first derivative of t(b). Calculate m(q).
0
Let h(p) = p + 4 - 8 + 9. Determine h(0).
5
Let l be ((-3)/2)/(1/(-2)). Suppose 0 = -x - 3*x + 3*k + 9, -2*x + 3*k = -3. Let r(b) = -l + b**2 + 2*b + 2 + 2 + b**x. Calculate r(-1).
-1
Let v(j) = -4*j**2 - 1. Let r be v(-1). Let s = r + 8. Let g(l) = l**2 - l - 3. Determine g(s).
3
Let j be 7/(-35) + (-1)/(-5) + 0. Let q(c) = c + 19. Determine q(j).
19
Let f(r) = r**3 - r. Suppose -6*q + q + 10 = 0. Determine f(q).
6
Let q(m) = -3*m + 2. Suppose 2*p - 4 = 2. Calculate q(p).
-7
Suppose -2*i = 1 - 5. Let b(n) = -7*n**2 + 5*n - i + n**3 + 5 + 0*n - 2. Suppose o + 4*o - 30 = 0. Give b(o).
-5
Suppose 3*c = -0*c + 6. Let i(v) = -4*v - v**2 + c*v + 1 - 3. Suppose 0 = -t - 3 - 0. Calculate i(t).
-5
Let l(w) = 7 - 4 - w**3 - 4 - 5*w**2. Let v(q) be the third derivative of -q**4/12 + 11*q**3/6 - 2*q**2. Let g be v(8). What is l(g)?
-1
Let p(r) = -5*r**3 + r**2 - 2*r + 1. Let s(o) be the first derivative of o**4/2 - 2*o**3/3 + o**2 - o - 5. Let k be s(1). What is p(k)?
-5
Let n(s) be the third derivative of 1/720*s**6 + 0*s**5 - 1/12*s**4 + 0*s**3 + 0*s + 0 + s**2. Let p(c) be the second derivative of n(c). What is p(5)?
5
Let j(y) be the second derivative of -y**7/840 - y**4/4 - y. Let w(g) be the third derivative of j(g). Give w(-1).
-3
Let f(r) = r + 1. Let s(g) be the first derivative of g**3/3 - g**2/2 - 5*g - 3. Let i be s(0). What is f(i)?
-4
Let v(q) be the second derivative of -q**3/3 - q**2 - q. Let t be (-6)/4*(-8)/(-6). Give v(t).
2
Suppose d = 5*y + 38, 3*d = -3*y - 39 + 9. Let u(m) = m**2 + 9*m + 9. Determine u(y).
1
Suppose 0 = -30*q + 34*q + 4. Let c(r) = -r**3 + r**2 + r + 1. Calculate c(q).
2
Let x be -1 - (2 - (-1 - -8)). Let n be -9*(x/6 - 0). Let k(v) = 6*v**3 + 7*v**2 - 5*v - 3 - 2*v**3 + 11*v - 3*v**3. Determine k(n).
-3
Let s(v) = -1 + 2 + 0 + 7*v. Let f be (-16)/80 - (-4)/(-5). Determine s(f).
-6
Let c(n) be the third derivative of n**6/120 + n**5/20 - n**4/8 - n**3/6 - n**2. Let g(s) = -2*s - 12. Let j be g(-4). What is c(j)?
-5
Let j(c) be the first derivative of c**3/3 + 3*c**2/2 + 3*c + 30. What is j(-5)?
13
Let a(z) = 3*z**3 + z. Let t be (9/(-3))/(-1) - -1. Suppose -5*x - 1 = t. Let r be 3 + -2 + (x - -1). Determine a(r).
4
Suppose 12 = -2*j + 8*j. Let x(y) = -3*y - 1. Let i(c) = -4*c - 2. Let d(s) = -2*i(s) + 3*x(s). Give d(j).
-1
Let s be 3 + (-1 - 0 - -1). Let w(c) = 4*c + 1. Let h(f) = -8*f - 2. Let p(j) = 2*h(j) + 5*w(j). Determine p(s).
13
Suppose 5*l + 2*n = 23, 5*l + 0*n - 24 = -n. Let o(p) = 38*p**3 - 2*p**2 - 37*p**3 + 2*p - 4*p**2 + 2. What is o(l)?
-13
Let a(c) be the third derivative of c**6/120 + c**5/60 + c**4/12 + c**3/3 + 7*c**2. Let j be a(-2). Let u(z) = -z**2 - 6*z - 5. Determine u(j).
-5
Suppose 2*y - 4 = 4*y. Suppose -4*d + 2*d = -4. Let l(u) = -2 - d*u**2 + 3*u**2 - 2*u**2. Calculate l(y).
-6
Let j be 16/3*(-6 - -3). Let v be 4/j - 10/(-8). Let x(h) = -2*h**2 + 1. Calculate x(v).
-1
Let i(u) = u - 4. Let o be i(-6). Let y = 14 + o. Let z(x) = -x + 1. Give z(y).
-3
Let m(w) = 7*w**3 - 2*w**2 - 2*w - 1. Let n(o) = -o**2 - 3*o - 3. Let i be n(-2). Let h be m(i). Let c = h + 3. Let p(k) = -k - 2. Give p(c).
3
Suppose -4*o = 2*u - 4, -5*u - 11 = o + 2*o. Suppose -o = -3*r - 12. Let d(k) = -k - 3. Calculate d(r).
0
Let t(l) = 2*l**2 - l + 2. Let c be (4 - 6)*(1 + -2). Calculate t(c).
8
Let s(a) = a**2 + a + 5. Let w = 13 - 8. Suppose -4*l = -w*l. Let b = l - 0. What is s(b)?
5
Suppose -4*c - 7 = -3. Let j be -1 + (13 + c)/2. Let g(d) = -10*d**2 + 11*d - 12. Let q(r) = 7*r**2 - 7*r + 8. Let y(p) = 5*g(p) + 7*q(p). Give y(j).
1
Let n(g) = -g**3 - g + 4. Let y be (1 - 2 - -1)/(-1). What is n(y)?
4
Let x(n) be the second derivative of n**6/360 - n**5/120 - n**4/24 - n**3/6 - n. Let l(o) be the second derivative of x(o). Determine l(3).
5
Let m(k) be the first derivative of -11*k**4/4 + 43. Give m(1).
-11
Let n = -7 - -11. Let h(w) = n*w + 3*w + w. Let c = 14 - 13. Give h(c).
8
Let f = 24 - 26. Let j(b) = -2*b**2 + 2*b - 1. Calculate j(f).
-13
Let d be 180/(-40)*(-8)/(-6). Let a(n) = -n**3 - 5*n**2 + 4*n - 4. Give a(d).
8
Let d be -4*1*12/8. Let t = d - -5. Let u(m) = 8*m**3 - 2*m**2 - m. Calculate u(t).
-9
Let a(m) be the first derivative of 2*m**3 - m + 1. Give a(-1).
5
Let x(q) = q**2 + 1. Let j be x(-1). Suppose -2*t - 5*m - 25 = -7*t, m + j = -2*t. Let k(z) = 0 - 2*z + 1 + 7*z. What is k(t)?
6
Let d = 0 - -1. Suppose -d = -4*c + 15. Let g(x) be the first derivative of x**4/4 - 5*x**3/3 + 3*x**2/2 - 4*x + 1. What is g(c)?
-8
Let d = -2 + 0. Let h be 0 + (-1)/(d/2). Let m(n) = -1 - 2*n - h - 1. Determine m(-5).
7
Let w(y) = -y**2 - 8*y - 7. Suppose 4*u = 4*j - 40, 0 = -4*u - 0*j + 3*j - 35. What is w(u)?
8
Let j(u) = -u**3 + u**2 + u + 1. Let s be (-2)/(-3) - (-8)/(-12). Let l(n) = n**2 + 2 + s + 4*n**2. Let x(f) = -j(f) + l(f). Give x(-4).
5
Let z(m) = -7 + 4*m + 6*m**2 - 5*m + 14*m - 7*m + m**3. What is z(-5)?
-12
Let p be (3/(-2))/(155/20 + -7). Let z(x) = -65*x + 25. Let g(v) = 8*v - 3. Let j(b) = -25*g(b) - 3*z(b). Give j(p).
10
Let f(w) = -w**3 - 3*w**2 - 3*w + 1. Suppose -8 = 3*q + 1. Calculate f(q).
10
Let s(h) = h**3 + 13*h**2 + 13*h + 14. Let b be s(-12). Let t(x) = -3*x**2 + 5 - 5 + 1 + 2*x**b + 2*x. Determine t(2).
1
Let t(x) = x**3 - x**2 + 5*x - 4. Let d(w) = -w**3 - 6*w + 5. Suppose -3*c + 8 = -c. Let r(v) = c*d(v) + 5*t(v). Give r(5).
5
Let a be (-3)/((3/1)/(-3)). Let u(f) = 9*f + 4*f**2 - 8*f - 4*f**2 + 1 - f**2. Determine u(a).
-5
Let l be (2/4)/((-2)/16). Let q(a) be the first derivative of -5*a - 2 - 5/2*a**2 - 1/3*a**3. Give q(l).
-1
Let g(c) = c**2 - 9*c + 2. Let t = -105 - -113. Calculate g(t).
-6
Suppose -4 = -x + 1. Suppose -2*l + 6*l - 21 = -5*u, -x*u = -4*l - 29. Let m(k) = -k**2 + 6*k + 4. What is m(u)?
9
Let r(z) = -15*z - 1. Let i(u) = 2*u - 23. Let f be i(12). Give r(f).
-16
Suppose 2*l + 9 = 1. Let m(u) = -u**2 - 3*u + 5. What is m(l)?
1
Let v(h) = -6*h - 6. Let p(f) = 7*f + 6. Let w(g) = -5*p(g) - 6*v(g). Let q be w(-3). Let b(d) = 2 + q - 4*d - 3. Determine b(2).
-6
Suppose -4*b = -21 + 1. Let w(z) = 4 - 8*z**2 + 2 - b. What is w(-1)?
-7
Let t(k) = k - 1. Let n = 3 - 1. Suppose n*b - 22 = -5*h, -3*h + 9 = -3*b - 0. Let u be (-3 + 1)*(0 + b). Determine t(u).
-3
Let w(k) = -2 + 4 + k - 3. Let f be w(3). Let l(z) = 2*z**2 - 2*z + 1. Determine l(f).
5
Let y be ((-2)/3)/((-2)/9). Let x(j) = -5 + y + 0 + j - j**2. Suppose 0 = -40*w + 38*w. What is x(w)?
-2
Let v(c) be the third derivative of -c**5/60 + 5*c**4/12 - 3*c**3/2 + 5*c**2 - 5*c. Calculate v(10).
-9
Let o(j) be the second derivative of -j**3/3 - j**2 - j. Let n(y) = 8*y - 3. Let m be